o**2 - 3*o. List the prime factors of k(-3).
23
Suppose -2*y + 1 = -7. Let l = y - -8. What are the prime factors of l?
2, 3
Let c be (12 - 2/(-2))*5. Let b = 97 - c. What are the prime factors of b?
2
Suppose 3*u + q + 5 = 0, 2*q = 3*u - 1 - 0. Let f be (-2)/(u + (-2)/(-6)). Suppose n + f*n - 8 = 0. List the prime factors of n.
2
Suppose h - 2*h + 3 = 0. What are the prime factors of (6 - h)*(-37)/(-3)?
37
Suppose 0 = 2*b - c + 2*c - 30, 4*c = -b + 29. Let k = -10 + b. What are the prime factors of k?
3
Let v(u) = -12*u + 12. List the prime factors of v(-7).
2, 3
Suppose -5*v + 5*r = 15, 5*v - 5 = -r + 4. Let l = v + 1. Suppose -2*y - 5*c = -21, 5*y - 62 = -c - l*c. List the prime factors of y.
13
Let w = -7 - -10. List the prime factors of w.
3
Let l(y) = 18*y + 1. Let v be l(-2). What are the prime factors of 72/5 - (-14)/v?
2, 7
Let y(r) = -2*r - 6. Let a be y(-4). Suppose a*c + c - 5*m - 55 = 0, 4*c - 3*m - 55 = 0. What are the prime factors of c?
2, 5
Suppose -r = 2*z - 41 + 8, 5*z = 4*r - 145. List the prime factors of 14/r + (-163)/(-5).
3, 11
Suppose 2*d - d + 3*n = 0, 5*d - 2*n = 34. Let w be 2/2 + 24/d. Suppose -w*k = -3*x - 23, 0 = 5*k - k - 4*x - 12. What are the prime factors of k?
7
Suppose 2*y + 3*i = -0*i + 45, 0 = 5*y - 3*i - 81. List the prime factors of y.
2, 3
Let o(k) = 2*k - 3. Let s be o(2). Let i be 1 + (2 - -6) + s. Let h = 20 - i. What are the prime factors of h?
2, 5
List the prime factors of (-6)/(-21) - (-477)/21.
23
Let v = 59 + -31. Suppose 3*r = -r + v. List the prime factors of r.
7
Let n = 165 + 244. What are the prime factors of n?
409
Let r = -50 + 84. What are the prime factors of r?
2, 17
Suppose -h - 2*h = -4*x + 681, 3*x = -4*h + 492. Suppose -40 = -2*g + 4*m + 34, -3*m = -4*g + x. List the prime factors of g.
3, 5
Let r = -17 + 51. Let z = r + -21. What are the prime factors of z?
13
Let a = 14 - -10. List the prime factors of a.
2, 3
Suppose 5*b - 14 = 1. Suppose -18 = -0*l - b*l. Suppose -o = -l - 8. What are the prime factors of o?
2, 7
Let h = 88 + -36. List the prime factors of h.
2, 13
Let j(v) = -3*v**3 - 7*v**2 + 8*v + 9. List the prime factors of j(-4).
3, 19
Suppose 4*u - c - 4 = 3*c, -4*u = c - 4. What are the prime factors of (u + -3)/(2/(-3))?
3
Let q(v) = 4*v + 2. Let c(y) = -3*y - 1. Let p(i) = 3*c(i) + 2*q(i). Let n be p(-6). What are the prime factors of (-6)/6 - n*-1?
2, 3
Let h be 15/20*4/1. Suppose l - 16 = -h*l. List the prime factors of l.
2
Let i(r) = 26*r - 1. What are the prime factors of i(3)?
7, 11
Let l(d) = 6*d - 7. Let i(u) = -7*u + 7. Let j(y) = 4*i(y) + 5*l(y). What are the prime factors of j(7)?
7
What are the prime factors of (-9)/36 - 154/(-8)?
19
Let c(u) = -5*u + 4. Suppose 0 = z - 3*h + 4*h + 1, -5*z = -3*h + 21. What are the prime factors of c(z)?
19
Suppose 3*o + 161 + 127 = 0. Let f = o - -148. What are the prime factors of f?
2, 13
Let q = 56 - -75. What are the prime factors of q?
131
Let p(v) = -v**3 + 8*v**2 + 11*v - 4. Let i = 16 - 7. List the prime factors of p(i).
2, 7
Let i be (-18)/81 + (-56)/(-9). Suppose -i*h + 3*h = -69. What are the prime factors of h?
23
What are the prime factors of (-1 + 0)/(18/(-648))?
2, 3
Suppose -4 = 2*z - 4*z, 0 = -c - z + 4. Let j(g) = 3*g**3 - 2*g**2 + 2*g. Let x be j(c). Suppose 4*a - 12 = x. What are the prime factors of a?
2
Let c = -21 + 63. Let o be -2*3/6*3. What are the prime factors of 2/(o*(-4)/c)?
7
Suppose 5*w - 276 = k + 99, -2*w + 2*k + 150 = 0. What are the prime factors of w?
3, 5
Let j(u) = u**3 + 4*u**2 - 8*u - 2. What are the prime factors of j(-4)?
2, 3, 5
Let z(i) be the third derivative of i**5/30 + 5*i**4/24 - i**3/3 + 7*i**2. Suppose -4*j = -3*t + 4, -5*j = -5*t - 0*j. List the prime factors of z(t).
2, 5
Let h = 13 - 2. Let o = h + -6. What are the prime factors of o?
5
Suppose 4*u = 4*i + 6 - 2, 3*u - 11 = -i. Suppose y = u*y - 6. What are the prime factors of y?
3
Suppose 6 - 18 = -2*c. Suppose 2*w + 0*w = -4*f + 20, 0 = -w - f + 7. Suppose w*l - c = 3*l. List the prime factors of l.
2, 3
Let i(j) = 9*j**2 + j. Let q be i(1). Let s = q + 2. What are the prime factors of s?
2, 3
Suppose -4*k + 5 = -3. What are the prime factors of (44 - 4/k)*1?
2, 3, 7
Let c(d) = -2*d + 0*d**2 + 5*d + 3*d**2 + 1. Suppose 0 = 2*t - 6, 5*t - 23 = -4*u + 8*u. List the prime factors of c(u).
7
Let t(u) be the third derivative of -u**5/60 + 7*u**4/12 + u**3/6 - 5*u**2. List the prime factors of t(9).
2, 23
Suppose 532 = 8*t + 204. List the prime factors of t.
41
Suppose 14*b = 1181 + 583. List the prime factors of b.
2, 3, 7
Suppose 2*g = -o + 38, 2*g - 89 = -5*o + 69. What are the prime factors of o?
2, 3, 5
Suppose 1 = 5*c - 9. Let u = c + 2. Suppose -5*d + 61 - 13 = u*h, d - h = 15. What are the prime factors of d?
2, 3
Let r(n) = n - 2 + n**2 + 8 - 2*n**2. Let y be r(0). Let p = y + 3. What are the prime factors of p?
3
Let s = -17 + 21. Suppose -67 = -5*b - 2*f, -3*b - b - s*f + 44 = 0. What are the prime factors of b?
3, 5
What are the prime factors of (-5)/10 + (-141)/(-2)?
2, 5, 7
Suppose -3*h = -9 - 675. List the prime factors of h.
2, 3, 19
Suppose 149*s - 148*s = 401. List the prime factors of s.
401
Let d = -4 - -7. Suppose 0 = 4*a - 0*a - d*n - 17, 18 = 3*a - 4*n. Suppose 0 = a*b + 3*b, 5*u = -4*b + 25. What are the prime factors of u?
5
Suppose 0 = 4*m + 40 - 180. Suppose 3*q - m = 7. List the prime factors of q.
2, 7
Suppose 0 = -5*l + 41 - 6. List the prime factors of l.
7
Let k(t) = -t**3 + 5*t**2 + 6*t - 6. Let x be k(6). Let j be ((-4)/6)/(x/9). List the prime factors of 2/(j + 12/(-15)).
2, 5
Suppose -23 - 79 = -3*a. List the prime factors of a.
2, 17
Let a = -17 + 45. Let m be 1*4*a/8. Suppose b - m = -b. List the prime factors of b.
7
Let o(q) = q**2 + 8*q + 9. Let w(g) = -2*g**2 - 3*g + 3. Let n be w(-3). Let c be o(n). List the prime factors of 9/(3/((-9)/c)).
3
Let v = 2 + -1. List the prime factors of (v*9)/(2 + -1).
3
Suppose 0*p + p + 13 = 0. Let w = 16 + p. List the prime factors of w.
3
Suppose 4*y = -2*j + 3*y, -2*j = 3*y + 8. What are the prime factors of j?
2
Let z(w) = w**2 + 15*w + 16. Let j be z(-14). Suppose -2*a + 5*m = -59, 2*a - 142 = -j*a + 2*m. What are the prime factors of a?
37
Let m(b) = 24*b**2 + b + 1. Let t be m(-1). Suppose u = -u + t. Suppose -5*j + u = 2. What are the prime factors of j?
2
Suppose 0 = 3*q - 7*q + 72. What are the prime factors of 48/q*(-3 - -18)?
2, 5
Let l = 398 + -280. List the prime factors of l.
2, 59
Suppose 2*t = 9*z - 7*z + 322, 3*t + 3*z = 495. List the prime factors of t.
163
Suppose 2*f = -0*a + a - 7, 0 = a + 3*f - 12. Let p = a - 7. Suppose -5*m + 4*b + 61 = 0, -p*m - 3*b = -b - 28. What are the prime factors of m?
13
Suppose 0 = 2*g + 3*g - 10. Suppose -g*l + 7*l - 55 = 0. Suppose -3*j + 8 = 5*b - l, 2*b + 8 = 4*j. What are the prime factors of b?
2
Suppose 2*n - 2*u + 14 = 0, 5*n - 2*u - 2*u = -39. Let i = n + 17. What are the prime factors of i?
2, 3
Suppose -3 = 3*z + 3. Let j be ((-18)/(-1))/(0 - z). List the prime factors of 2/j - 97/(-9).
11
Let i = 0 + -1. What are the prime factors of i/(-1) - (-3 + -7)?
11
Suppose -4*h - h - 15 = 5*k, 5 = -k. Suppose -h*l = -3 - 11. Let v = -2 + l. List the prime factors of v.
5
Let l(a) be the first derivative of -a**6/360 - 3*a**5/40 + a**4/3 - a**3/3 + 1. Let r(q) be the third derivative of l(q). List the prime factors of r(-8).
2
Let d(c) = -2*c + 7. Let i be d(-6). Suppose -4*l = -0*g - g - i, 2*g = 5*l - 20. What are the prime factors of l?
2, 3
Suppose 5*d = 4*w + 8, w = 6*w + d + 10. Suppose 0 = 8*j - 3*j - 25, -11 = -2*s + 5*j. What are the prime factors of (-2 - s/(-3)) + w?
2
Let i = 27 + 4. Suppose -5*f = -6*f + i. What are the prime factors of f?
31
Let u(f) = f**3 - 4*f**2 - 2*f - 5. Let m be u(5). Let d(n) = 2*n - 2. Let p be d(2). Suppose 0 = -p*g - 0*g + m. What are the prime factors of g?
5
What are the prime factors of (-892)/(-20) - (-2)/5?
3, 5
List the prime factors of (-10)/35 + 216/21.
2, 5
Suppose -22 = r + 4*k - 6*k, 4 = k. What are the prime factors of (-185)/(-35) + 4/r?
5
Let x(i) = 2*i**2 - 2*i. Let z be x(2). Suppose 0 = 2*d - z*f - 22, -5*d + f + 17 = -29. List the prime factors of d.
3
Suppose -2*y + 3 - 5 = -2*p, -5*y - 2*p = -16. Suppose -3*f + c = -47, -4*f 